
4
What is the thousands digit of 2645?
2
What is the units digit of 499?
9
What is the units digit of 749?
9
What is the thousands digit of 8630?
8
What is the tens digit of 663?
6
What is the hundreds digit of 11569?
5
What is the hundreds digit of 26500?
5
What is the hundreds digit of 110?
1
What is the hundreds digit of 11786?
7
What is the tens digit of 4109?
0
What is the thousands digit of 55698?
5
What is the ten thousands digit of 149981?
4
What is the tens digit of 45437?
3
What is the units digit of 1079?
9
What is the thousands digit of 56753?
6
What is the tens digit of 3855?
5
What is the units digit of 22648?
8
What is the thousands digit of 1468?
1
What is the tens digit of 11376?
7
What is the hundreds digit of 6774?
7
What is the ten thousands digit of 53703?
5
What is the tens digit of 435?
3
What is the tens digit of 34017?
1
What is the tens digit of 29782?
8
What is the tens digit of 15590?
9
What is the thousands digit of 3141?
3
What is the tens digit of 65504?
0
What is the thousands digit of 3854?
3
What is the thousands digit of 15757?
5
What is the units digit of 171563?
3
What is the hundreds digit of 84391?
3
What is the thousands digit of 6213?
6
What is the units digit of 1463?
3
What is the tens digit of 3125?
2
What is the hundreds digit of 1483?
4
What is the tens digit of 7705?
0
What is the tens digit of 215?
1
What is the hundreds digit of 343?
3
What is the hundreds digit of 1098?
0
What is the tens digit of 128?
2
What is the tens digit of 1424?
2
What is the hundreds digit of 3721?
7
What is the hundreds digit of 1626?
6
What is the units digit of 10359?
9
What is the tens digit of 1221?
2
What is the ten thousands digit of 11500?
1
What is the hundreds digit of 1884?
8
What is the tens digit of 45512?
1
What is the thousands digit of 1682?
1
What is the thousands digit of 3275?
3
What is the ten thousands digit of 42431?
4
What is the hundreds digit of 2173?
1
What is the hundreds digit of 418?
4
What is the thousands digit of 24797?
4
What is the tens digit of 60792?
9
What is the hundreds digit of 500?
5
What is the thousands digit of 1055?
1
What is the units digit of 1334?
4
What is the hundreds digit of 306?
3
What is the units digit of 20876?
6
What is the units digit of 14135?
5
What is the ten thousands digit of 19378?
1
What is the units digit of 4469?
9
What is the tens digit of 3142?
4
What is the tens digit of 21?
2
What is the thousands digit of 1124?
1
What is the thousands digit of 1350?
1
What is the units digit of 2254?
4
What is the units digit of 51380?
0
What is the hundreds digit of 31994?
9
What is the hundreds digit of 281?
2
What is the hundreds digit of 8150?
1
What is the ten thousands digit of 36541?
3
What is the thousands digit of 172954?
2
What is the hundreds digit of 35739?
7
What is the hundreds digit of 949?
9
What is the units digit of 444?
4
What is the hundreds digit of 553?
5
What is the units digit of 2481?
1
What is the units digit of 1815?
5
What is the hundreds digit of 4441?
4
What is the thousands digit of 125213?
5
What is the tens digit of 6101?
0
What is the thousands digit of 6651?
6
What is the thousands digit of 8201?
8
What is the hundreds digit of 522?
5
What is the units digit of 2053?
3
What is the ten thousands digit of 11295?
1
What is the units digit of 566?
6
What is the tens digit of 25780?
8
What is the hundreds digit of 5327?
3
What is the thousands digit of 6659?
6
What is the thousands digit of 13634?
3
What is the thousands digit of 43888?
3
What is the units digit of 16880?
0
What is the ten thousands digit of 13256?
1
What is the hundreds digit of 1076?
0
What is the units digit of 1482?
2
What is the thousands digit of 2515?
2
What is the hundreds digit of 8616?
6
What is the hundreds digit of 51994?
9
What is the hundreds digit of 13822?
8
What is the tens digit of 17248?
4
What is the hundreds digit of 263?
2
What is the tens digit of 1212?
1
What is the tens digit of 9979?
7
What is the tens digit of 4924?
2
What is the hundreds digit of 34390?
3
What is the hundreds digit of 3924?
9
What is the thousands digit of 35460?
5
What is the hundreds digit of 2280?
2
What is the tens digit of 41010?
1
What is the units digit of 1929?
9
What is the hundreds digit of 28925?
9
What is the units digit of 13549?
9
What is the tens digit of 3763?
6
What is the units digit of 5306?
6
What is the tens digit of 7003?
0
What is the tens digit of 3594?
9
What is the units digit of 34827?
7
What is the tens digit of 79?
7
What is the hundreds digit of 14526?
5
What is the tens digit of 30919?
1
What is the tens digit of 29102?
0
What is the hundreds digit of 3547?
5
What is the hundreds digit of 83829?
8
What is the tens digit of 1174?
7
What is the thousands digit of 155438?
5
What is the hundreds digit of 351?
3
What is the thousands digit of 7987?
7
What is the ten thousands digit of 90151?
9
What is the hundreds digit of 5942?
9
What is the tens digit of 4224?
2
What is the units digit of 929?
9
What is the tens digit of 18639?
3
What is the tens digit of 1193?
9
What is the tens digit of 1738?
3
What is the hundreds digit of 706?
7
What is the hundreds digit of 73979?
9
What is the thousands digit of 11213?
1
What is the thousands digit of 8651?
8
What is the thousands digit of 1170?
1
What is the units digit of 3746?
6
What is the hundreds digit of 16147?
1
What is the hundreds digit of 168370?
3
What is the hundreds digit of 19943?
9
What is the tens digit of 18531?
3
What is the units digit of 2078?
8
What is the units digit of 1464?
4
What is the units digit of 76433?
3
What is the tens digit of 25009?
0
What is the thousands digit of 39680?
9
What is the tens digit of 24171?
7
What is the units digit of 41113?
3
What is the units digit of 111340?
0
What is the ten thousands digit of 20744?
2
What is the tens digit of 2820?
2
What is the hundreds digit of 15133?
1
What is the thousands digit of 1164?
1
What is the tens digit of 18366?
6
What is the tens digit of 10709?
0
What is the units digit of 295?
5
What is the tens digit of 1011?
1
What is the thousands digit of 9743?
9
What is the hundreds digit of 7707?
7
What is the hundreds digit of 1319?
3
What is the units digit of 16933?
3
What is the hundreds digit of 101043?
0
What is the units digit of 970?
0
What is the hundreds digit of 4492?
4
What is the tens digit of 52219?
1
What is the tens digit of 6014?
1
What is the units digit of 122?
2
What is the tens digit of 3282?
8
What is the units digit of 812?
2
What is the tens digit of 631?
3
What is the hundreds digit of 42117?
1
What is the ten thousands digit of 23857?
2
What is the units digit of 29658?
8
What is the tens digit of 319?
1
What is the hundreds digit of 2278?
2
What is the ten thousands digit of 78825?
7
What is the units digit of 45161?
1
What is the units digit of 88535?
5
What is the units digit of 25206?
6
What is the tens digit of 711?
1
What is the units digit of 286?
6
What is the tens digit of 24014?
1
What is the ten thousands digit of 128212?
2
What is the units digit of 26343?
3
What is the tens digit of 47?
4
What is the ten thousands digit of 50431?
5
What is the units digit of 205?
5
What is the hundreds digit of 67690?
6
What is the hundreds digit of 49777?
7
What is the units digit of 4492?
2
What is the tens digit of 2390?
9
What is the hundreds digit of 3686?
6
What is the thousands digit of 1139?
1
What is the thousands digit of 14276?
4
What is the hundreds digit of 70899?
8
What is the ten thousands digit of 90328?
9
What is the tens digit of 268?
6
What is the ten thousands digit of 11687?
1
What is the hundreds digit of 1027?
0
What is the units digit of 1521?
1
What is the ten thousands digit of 11032?
1
What is the tens digit of 105637?
3
What is the tens digit of 28162?
6
What is the hundreds digit of 48804?
8
What is the thousands digit of 3073?
3
What is the thousands digit of 8387?
8
What is the hundreds digit of 710?
7
What is the units digit of 24932?
2
What is the units digit of 9038?
8
What is the tens digit of 3313?
1
What is the thousands digit of 11280?
1
What is the hundred thousands digit of 136788?
1
What is the tens digit of 3124?
2
What is the units digit of 509?
9
What is the